 are the prime factors of 1105?
5, 13, 17
List the prime factors of 63919.
41, 1559
What are the prime factors of 28852?
2, 7213
What are the prime factors of 4607?
17, 271
What are the prime factors of 109536?
2, 3, 7, 163
List the prime factors of 500.
2, 5
What are the prime factors of 12196?
2, 3049
List the prime factors of 433.
433
What are the prime factors of 3000?
2, 3, 5
What are the prime factors of 2072?
2, 7, 37
List the prime factors of 746.
2, 373
What are the prime factors of 1275?
3, 5, 17
What are the prime factors of 11927?
11927
List the prime factors of 52417.
23, 43, 53
What are the prime factors of 2406?
2, 3, 401
What are the prime factors of 594?
2, 3, 11
What are the prime factors of 9005?
5, 1801
List the prime factors of 1739.
37, 47
List the prime factors of 25989.
3, 8663
What are the prime factors of 695?
5, 139
List the prime factors of 84400.
2, 5, 211
List the prime factors of 113342.
2, 56671
What are the prime factors of 149467?
137, 1091
What are the prime factors of 47?
47
List the prime factors of 15875.
5, 127
What are the prime factors of 2409?
3, 11, 73
List the prime factors of 8824.
2, 1103
What are the prime factors of 26400?
2, 3, 5, 11
What are the prime factors of 2491?
47, 53
List the prime factors of 81430.
2, 5, 17, 479
List the prime factors of 67100.
2, 5, 11, 61
List the prime factors of 899.
29, 31
List the prime factors of 35934.
2, 3, 53, 113
What are the prime factors of 2015?
5, 13, 31
List the prime factors of 848.
2, 53
What are the prime factors of 59631?
3, 11, 13, 139
List the prime factors of 5515.
5, 1103
List the prime factors of 2859.
3, 953
List the prime factors of 1161.
3, 43
What are the prime factors of 38913?
3, 7, 17, 109
What are the prime factors of 1586?
2, 13, 61
List the prime factors of 46775.
5, 1871
List the prime factors of 32443.
32443
List the prime factors of 4441.
4441
List the prime factors of 65016.
2, 3, 7, 43
What are the prime factors of 14454?
2, 3, 11, 73
What are the prime factors of 841?
29
List the prime factors of 9045.
3, 5, 67
What are the prime factors of 3153?
3, 1051
List the prime factors of 966.
2, 3, 7, 23
What are the prime factors of 413?
7, 59
List the prime factors of 818.
2, 409
List the prime factors of 6397.
6397
What are the prime factors of 64090?
2, 5, 13, 17, 29
List the prime factors of 14024.
2, 1753
What are the prime factors of 2302?
2, 1151
What are the prime factors of 44884?
2, 7, 229
What are the prime factors of 21429?
3, 2381
List the prime factors of 16375.
5, 131
What are the prime factors of 26828?
2, 19, 353
List the prime factors of 9396.
2, 3, 29
What are the prime factors of 15504?
2, 3, 17, 19
List the prime factors of 3152.
2, 197
What are the prime factors of 599?
599
What are the prime factors of 14472?
2, 3, 67
What are the prime factors of 4092?
2, 3, 11, 31
What are the prime factors of 1739?
37, 47
What are the prime factors of 484?
2, 11
List the prime factors of 3296.
2, 103
List the prime factors of 767.
13, 59
List the prime factors of 862.
2, 431
List the prime factors of 4192.
2, 131
What are the prime factors of 88823?
7, 12689
List the prime factors of 1623.
3, 541
List the prime factors of 4985.
5, 997
List the prime factors of 1539.
3, 19
What are the prime factors of 3094?
2, 7, 13, 17
What are the prime factors of 11085?
3, 5, 739
List the prime factors of 9955.
5, 11, 181
List the prime factors of 50206.
2, 13, 1931
What are the prime factors of 7019?
7019
What are the prime factors of 1227?
3, 409
What are the prime factors of 364?
2, 7, 13
List the prime factors of 575.
5, 23
What are the prime factors of 2885?
5, 577
What are the prime factors of 2514?
2, 3, 419
What are the prime factors of 500?
2, 5
What are the prime factors of 14287?
7, 13, 157
List the prime factors of 2838.
2, 3, 11, 43
List the prime factors of 55773.
3, 6197
List the prime factors of 40623.
3, 11, 1231
What are the prime factors of 4118?
2, 29, 71
List the prime factors of 8519.
7, 1217
List the prime factors of 76.
2, 19
What are the prime factors of 685?
5, 137
List the prime factors of 4534.
2, 2267
What are the prime factors of 1556?
2, 389
List the prime factors of 970.
2, 5, 97
What are the prime factors of 870?
2, 3, 5, 29
List the prime factors of 18434.
2, 13, 709
List the prime factors of 2373.
3, 7, 113
What are the prime factors of 9328?
2, 11, 53
What are the prime factors of 11588?
2, 2897
What are the prime factors of 13892?
2, 23, 151
What are the prime factors of 5569?
5569
What are the prime factors of 12203?
12203
List the prime factors of 1472.
2, 23
List the prime factors of 818.
2, 409
List the prime factors of 3084.
2, 3, 257
What are the prime factors of 3247?
17, 191
List the prime factors of 30663.
3, 3407
List the prime factors of 1401.
3, 467
What are the prime factors of 1083?
3, 19
List the prime factors of 18245.
5, 41, 89
What are the prime factors of 221?
13, 17
List the prime factors of 645.
3, 5, 43
What are the prime factors of 1404?
2, 3, 13
List the prime factors of 1435.
5, 7, 41
What are the prime factors of 5929?
7, 11
List the prime factors of 1311.
3, 19, 23
List the prime factors of 698.
2, 349
List the prime factors of 2209.
47
List the prime factors of 1783.
1783
What are the prime factors of 60675?
3, 5, 809
What are the prime factors of 920?
2, 5, 23
What are the prime factors of 1452?
2, 3, 11
List the prime factors of 404.
2, 101
What are the prime factors of 16292?
2, 4073
List the prime factors of 7.
7
List the prime factors of 8902.
2, 4451
What are the prime factors of 431?
431
What are the prime factors of 4669?
7, 23, 29
List the prime factors of 2465.
5, 17, 29
What are the prime factors of 39375?
3, 5, 7
List the prime factors of 1091.
1091
List the prime factors of 149165.
5, 29833
List the prime factors of 8030.
2, 5, 11, 73
List the prime factors of 4581.
3, 509
What are the prime factors of 3229?
3229
What are the prime factors of 4367?
11, 397
What are the prime factors of 4665?
3, 5, 311
What are the prime factors of 16815?
3, 5, 19, 59
What are the prime factors of 19507?
19507
List the prime factors of 25422.
2, 3, 19, 223
What are the prime factors of 23043?
3, 7681
List the prime factors of 78690.
2, 3, 5, 43, 61
List the prime factors of 12018.
2, 3, 2003
What are the prime factors of 2025?
3, 5
List the prime factors of 12770.
2, 5, 1277
List the prime factors of 665.
5, 7, 19
What are the prime factors of 43342?
2, 13, 1667
What are the prime factors of 2936?
2, 367
List the prime factors of 12027.
3, 19, 211
List the prime factors of 710.
2, 5, 71
What are the prime factors of 68?
2, 17
List the prime factors of 62964.
2, 3, 11, 53
List the prime factors of 1112.
2, 139
List the prime factors of 1038.
2, 3, 173
List the prime factors of 2069.
2069
What are the prime factors of 6411?
3, 2137
List the prime factors of 417.
3, 139
What are the prime factors of 5623?
5623
List the prime factors of 4601.
43, 107
What are the prime factors of 1443?
3, 13, 37
What are the prime factors of 56783?
56783
What are the prime factors of 13245?
3, 5, 883
List the prime factors of 1798.
2, 29, 31
List the prime factors of 11776.
2, 23
List the prime factors of 11791.
13, 907
List the prime factors of 109426.
2, 54713
What are the prime factors of 121889?
121889
What are the prime factors of 25480?
2, 5, 7, 13
What are the prime factors of 487?
487
What are the prime factors of 22855?
5, 7, 653
List the prime factors of 36889.
37, 997
List the prime factors of 1059.
3, 353
List the prime factors of 5679.
3, 631
What are the prime factors of 3006?
2, 3, 167
What are the prime factors of 16514?
2, 23, 359
What are the prime factors of 135?
3, 5
What are the prime factors of 766?
2, 383
List the prime factors of 47204.
2, 11801
List the prime factors of 9632.
2, 7, 43
What are the prime factors of 1065?
3, 5, 71
What are the prime factors of 2031?
3, 677
What are the prime factors of 118283?
11, 10753
What are the prime factors of 91002?
2, 3, 29, 523
List the prime factors of 933.
3, 311
List the prime factors of 966.
2, 3, 7, 23
What are the prime factors of 67?
67
What are the prime factors of 43393?
7, 6199
List the prime factors of 115622.
2, 13, 4447